850/95 - 5) is divided by 48.
47
Let y = -10514 + 10541. What is the remainder when 240 is divided by y?
24
Suppose -5*k - 15 = -2*y, 1 = 5*k - 4*y + 16. Let j(d) = 8*d**2 + 15*d + 1. What is the remainder when 192 is divided by j(k)?
24
Suppose -4*i + 71 = 4*k - i, -89 = -5*k - 4*i. Suppose -c + k + 45 = 0. Let d(w) = 17*w**2 - 3*w + 2. Calculate the remainder when c is divided by d(1).
14
Suppose 0 = -1740*p + 1755*p - 405. Calculate the remainder when 508 is divided by p.
22
Suppose 713 = 4*v + 5*u, -3*v - 2*u + 540 = -0*v. Let w(k) = -7*k**3 - k**2 + k - 1. What is the remainder when v is divided by w(-2)?
35
Suppose -3533 + 453 = -44*a. Calculate the remainder when a is divided by 20.
10
Let k = -3408 - -4293. Calculate the remainder when k is divided by 27.
21
Let x = 6 - 4. Suppose 0 = 8*h - 5194 + 5098. What is the remainder when h is divided by 15/x - 10/20?
5
Let g = -47 - -50. Suppose -21 = -2*j - 3*n, 0*j - g*j + n + 15 = 0. Suppose j*s - 24 = 54. What is the remainder when s is divided by 4?
1
Let f = 1439 - 1016. What is the remainder when f is divided by 143?
137
What is the remainder when 566 is divided by (-4)/(-36) + 2211/27?
74
Suppose 16*s - 35 - 61 = 0. Suppose k - s*o + 2*o = 64, 0 = 5*o - 15. What is the remainder when k is divided by 7?
6
Suppose -5*n - y + 1271 - 125 = 0, 4*n = -4*y + 904. What is the remainder when 124 is divided by n/55 + (-8)/44 - -10?
12
Let y = 6719 + -6386. Calculate the remainder when y is divided by 52.
21
Suppose -12*c + 539 = -8*c - p, -c + p = -131. Let o = 8 - -27. Calculate the remainder when c is divided by o.
31
Let j = 11976 + -10582. What is the remainder when j is divided by 40?
34
Suppose 783 = 971*g - 944*g. Calculate the remainder when 664 is divided by g.
26
Let z = 0 + 34. Suppose 31*m = z*m - 81. Let i = 67 - m. What is the remainder when i is divided by 9?
4
Let r(n) = 5*n**2 + 2*n - 2. Suppose 3*h - 35 = 5*i, -4*i + h - 4 = 17. Calculate the remainder when r(-5) is divided by (535/15 - 6) + i/6.
26
Suppose 766*m - 913*m + 12054 = 0. What is the remainder when 1114 is divided by m?
48
Let s(c) = 0 - 4*c - 37 + 0 - 11. Let l be s(-13). What is the remainder when 53 is divided by ((-6)/l)/((-35)/(-18) + -2)?
26
Suppose 2*g + 0*h - 5*h - 32 = 0, 16 = 4*g + 2*h. Suppose -410 = -g*l - 32. What is the remainder when l is divided by 33?
30
Let u(x) = -x**2 - 9*x - 2. Let n(h) = 2*h**2 + 13*h - 17. Let a(d) = 2*d**2 + 32*d - 8. Let w be a(-16). What is the remainder when u(-5) is divided by n(w)?
4
Let n(v) = -v**3 + 8*v**2 + 9*v - 6. Let x be n(9). Let b(u) = u**3 + 8*u**2 + 8*u + 8. Calculate the remainder when 4 - (-7 - -21)*(-31)/2 is divided by b(x).
29
Let f = 13217 + -13178. What is the remainder when f is divided by 9?
3
Let q = -72 + 105. Let g be 1 - 13/((-91)/658). Suppose -220 = -5*u + g. Calculate the remainder when u is divided by q.
30
Let v = 206 - 205. Suppose -2*q + 9 = -k, 2*q - v = 4*k - 7. Calculate the remainder when 61 is divided by q.
5
Let n = 4526 - 3829. What is the remainder when n is divided by 228?
13
Suppose -31613 = 95*l - 285525 + 14702. Calculate the remainder when l is divided by 831.
25
Let t(p) = -p**2 + 264. Let u be t(-15). Let c = 5 - 3. Suppose 0 = c*i - u + 11. What is the remainder when 40 is divided by i?
12
Let y = 4198 - 2291. Suppose 1813 = 62*d - y. What is the remainder when d is divided by 16?
12
Let n = 18122 + -18039. What is the remainder when 260 is divided by n?
11
Let h(n) = n**3 - 4*n**2 - 6*n - 18. Let b be h(6). Let u = 21 - b. Suppose -3*f = -15, -d + 60 = -u*f + 8*f. Calculate the remainder when d is divided by 13.
9
Suppose 5*q + 5*k = 110, -3*q + 5*k - 46 + 72 = 0. Calculate the remainder when 776 is divided by q.
11
Suppose -20 = -k + 71. Calculate the remainder when (-35702)/(-66) + 36/594 is divided by k.
86
Suppose 2*n = -3*b + 92, 227 - 140 = 3*b + 3*n. Suppose -3*d + 228 = 2*r, d = -0*d - r + 76. Calculate the remainder when d is divided by b.
8
Let k(t) = -127*t + 105. What is the remainder when k(-1) is divided by 93?
46
What is the remainder when 228 is divided by -8*1/1 - -144?
92
Suppose 0 = 6*n - n - 120. Let z be 12 - (12/(-15))/(1/5). What is the remainder when (-213)/(4/(z/(-12))) is divided by n?
23
Suppose -4*f + 0 = -b + 10, -4*f = 4*b - 200. What is the remainder when 2215 is divided by b?
31
Let x be (-2)/(8/(-18))*-38. Let c = -51 - x. Calculate the remainder when c is divided by 36.
12
What is the remainder when (348/2)/(11*6/99) - -4 is divided by 41?
19
Suppose 0 = a - 5*b + 2*b + 120, -4*a - 515 = -5*b. Calculate the remainder when 46 is divided by (-4)/1 - a/5.
0
Let b(g) = 728*g**2 - g + 4. Let c be b(1). What is the remainder when c/4 + 9 + (-175)/20 is divided by 16?
7
Suppose -25*i - 66*i = -11*i - 151040. Calculate the remainder when i is divided by 49.
26
Let j be ((-639)/(-6))/((-1)/(-2)). Let u = j + -208. Let c = -2 + 5. Calculate the remainder when u is divided by c.
2
Let q = 23 + 118. Calculate the remainder when q is divided by 70.
1
Let c(v) = v**3 + 5*v**2 + v + 3. Let r(t) = 363 - 363 - t**2 - 3*t - 19*t + 10*t**2. What is the remainder when c(-3) is divided by r(3)?
3
Suppose -4*x + 7*n - 5 = 2*n, 0 = -x + n - 1. Suppose x = -38*m + 48*m - 150. What is the remainder when m is divided by 7?
1
Suppose -14*m + 2363 = -12*m + 5*f, 0 = -5*m - 5*f + 5900. Calculate the remainder when m is divided by 59.
58
Let v(w) = w**2 - 6*w + 10. Suppose -36*y = 5399 - 6119. Calculate the remainder when v(8) is divided by y.
6
Suppose -16*v + 12*v + 12 = 0. Suppose 20 = v*j + 2*r, 3*r - 22 = -5*j + 11. What is the remainder when 29 is divided by ((-32)/10)/(j/45*-3)?
5
Suppose 5*j = -0*j + m + 143, 19 = j + 3*m. Suppose -3*r - 4*w + 236 = 0, -94 - 60 = -2*r - 2*w. What is the remainder when r is divided by j?
16
Let r = -50 - -56. Suppose -u = -c - 64, r - 5 = c. What is the remainder when 124 is divided by u?
59
Suppose -41*k + 184*k - 2648 - 498 = 0. Calculate the remainder when 240 is divided by k.
20
Let g(q) = 4*q - 8. Let k(w) = -2*w + 3. Let x(n) = -g(n) - k(n). Let o be 4*-1 + 2/(-2). Calculate the remainder when 59 is divided by x(o).
14
Suppose -c + 22 = -2*r, 9*r + 98 = 3*c + 11*r. What is the remainder when 79 is divided by c?
19
Suppose -6*t + 0*t + 84 = 0. Suppose y - 20 = -t. Calculate the remainder when y - 9 - 7*-2*1 is divided by 3.
2
Let m = -2464 - -4476. What is the remainder when m is divided by 106?
104
Let x(f) = 6*f + 28. Let w be x(-14). Let p = -54 - w. Suppose -4*r = -p*m - 5 + 9, 2*m - 2*r - 14 = 0. What is the remainder when 13 is divided by m?
1
Suppose 21*n = -14*n - 280. What is the remainder when (-5)/160*n*932 is divided by 13?
12
Let b(x) = -6987*x**3 + 10*x**2 - 3*x - 11. What is the remainder when b(-1) is divided by 76?
73
Suppose -4*o + 168 = 2*y - 5*o, -2*y = o - 160. Suppose 25*s + y = 1057. Calculate the remainder when 386 is divided by s.
35
Suppose -1329*y + 1334*y - 12248 = -4*z, 2*y = -z + 3062. What is the remainder when z is divided by 24?
14
Suppose -6*f = -f + h - 14, 3*h = f - 6. Suppose 0 = -4*y - 8, -4*x - f*y + 3990 = -x. What is the remainder when 73 is divided by x/(-24)*4/(-6)?
36
Let x = 405 + -399. Suppose 0 = 5*n - u - 82, -2*n - 3*n = 3*u - 74. Calculate the remainder when x - 3 - (-21 + -2) is divided by n.
10
Let p = -56 + 67. Let c(d) = -d**3 - 11*d**2 - d - 10. Let r be c(-11). Let h(w) = 42*w**3 - w**2 + 3*w - 1. Calculate the remainder when h(r) is divided by p.
10
Let c(n) = 3*n**2 - 23*n - 137. What is the remainder when 9991 is divided by c(12)?
16
Let m be (136/(-10))/(10 - (-4520)/(-450)). Suppose 3*d = -m + 345. Calculate the remainder when 13 is divided by d.
0
Let r = 1286 + 1316. What is the remainder when r is divided by 20?
2
Suppose 0 = 5*c - 179*m + 178*m - 358, 0 = 5*c + m - 352. Let h = 49 - 13. Calculate the remainder when c is divided by h.
35
Let b = 5030 - 4954. Calculate the remainder when 256 is divided by b.
28
Suppose 8 = 3*p - 2*m, 2*p + 5*m - 22 - 15 = 0. Let n = 292 - 83. Let h = -181 + n. What is the remainder when h is divided by p?
4
Let q(y) = y**3 + 134*y**2 - 139*y + 35. What is the remainder when 594 is divided by q(-135)?
19
Let n(r) = -17*r**2 + 22*r - 93. Let k be n(5). Let j = k - -418. What 